mon factor of i and h.
15
Suppose 4*s = 4, -3*s + 141 = -j + 328. What is the greatest common factor of 50 and j?
10
Let r = 15 - 5. Suppose -2*v = -4, 0 = -k - 3*k + 5*v + r. Suppose -3*t = -5*g - 24 - 27, 0 = -k*t - 3*g + 119. What is the greatest common factor of t and 88?
22
Suppose 2*o - 124 = -4*b, -83 + 20 = -o - b. Suppose 61*z - o*z = -480. What is the greatest common factor of 16 and z?
16
Let p = -96 - -102. What is the greatest common divisor of p and 14?
2
Let v = -11 - -8. Let h be 3 + -3 + 7 + v. Suppose 0 = 6*a - a - 4*g + 10, -2*a + 4*g = 16. Calculate the greatest common divisor of h and a.
2
Suppose -4*o + 45 = i + 22, -3*o = -3*i + 54. What is the highest common divisor of 19 and i?
19
Suppose -r + 283 = 4*x, -9*r + 8*r + 265 = -5*x. What is the greatest common factor of 55 and r?
55
Let g be (-5 - (1 - 8))/((-3)/(-27)). Let b = 1 + 0. Let j(z) = 163*z**2 - 1. Let t be j(b). What is the highest common factor of t and g?
18
Suppose -268 = -4*a - 4*x, -3*a + a = -3*x - 114. Suppose 0 = 3*n + 47 - 128. Calculate the highest common divisor of a and n.
9
Suppose -t - 2*n - 9 = n, 0 = -4*n - 20. Let a = 65 + -61. Suppose -a*g + 22 = 14. What is the greatest common divisor of g and t?
2
Let w(l) = 4*l**2 - l**2 + 2*l - 7 + 6. Let d be w(1). Suppose 0 = -d*n + 12 + 52. What is the highest common factor of n and 144?
16
Suppose 0 = 7*v - 9 - 5. Calculate the highest common factor of v and 5.
1
Let h = 829 - 759. What is the highest common divisor of 70 and h?
70
Let j(n) = -n**2 + 18*n + 25. Let d be j(23). Let u be (-438)/d + -5 - 754/(-30). Calculate the highest common divisor of u and 100.
25
Suppose 3*g - 54 = -2*l, g = 2 + 2. Let o be (-7)/(l/12) + 4. Suppose 5*q = 3*m + 41, o*m - 5*m = -15. What is the greatest common factor of 30 and q?
10
Let f(r) = -52*r - 640. Let b be f(-17). What is the greatest common factor of b and 4?
4
Let z = -357 - -364. Let q(p) = 57*p**2 - p. Let n be q(1). What is the greatest common factor of z and n?
7
Let c = 4019 + -1235. What is the highest common divisor of c and 96?
96
Let x = -175 + 251. Let w be (-118 - -2)/(-2) - 3. Let n be 96/5 - 11/w. Calculate the greatest common factor of n and x.
19
Let d = 72 + -32. Let x = d - 24. Calculate the greatest common divisor of x and 4.
4
Let q be (-3)/(-6) - 44/(-8). Suppose 45 = q*o - 63. Calculate the highest common factor of 45 and o.
9
Let h(k) = k**3 + 7*k**2 + 110*k - 110*k + 5. Let u be h(-7). Let i be 1*5*9/3. Calculate the greatest common divisor of i and u.
5
Suppose 5*z - 263 - 22 = 0. What is the greatest common factor of 57 and z?
57
Let y = 287 - 21. Calculate the highest common factor of y and 14.
14
Suppose 4*k = -5*a + 24 + 38, -2*k = 5*a - 66. Let x = 203 - 198. Suppose 21 = 3*s - x*f, f = -2*s - 0*f + 1. What is the highest common divisor of s and a?
2
Suppose 4*i + 4*r - 28 = 0, 17*r - 24 = -3*i + 13*r. Calculate the highest common factor of 44 and i.
4
Let m(g) = 10*g + 54. Let h be m(-5). Calculate the greatest common factor of h and 44.
4
Suppose -216 = -5*c + 18*t - 17*t, 0 = -2*t + 8. Calculate the greatest common divisor of 28 and c.
4
Let o be 35 - (-7 - (1 + -4)). What is the highest common factor of 247 and o?
13
Suppose 2*c - 15 = 5*c, 2*j - 5 = c. Let a(u) = u**2 + 8. Let q be a(j). Let w be -1 + 3 + 34 - (-4 + 0). What is the highest common divisor of w and q?
8
Suppose 1390 = -3*q + 8*q. Let p = q - 172. Let i = -36 + p. Calculate the greatest common divisor of 10 and i.
10
Let g be (3 - 1) + (0 - -19). Suppose -5*t - 66 = -2*c - 0*t, 136 = 5*c + 2*t. What is the highest common factor of c and g?
7
Suppose 129*z - 128*z = 39. What is the greatest common factor of 65 and z?
13
Let h = 605 - 547. Calculate the greatest common divisor of h and 10.
2
Let h be 102/5 - (-4)/((-120)/(-18)). Let k = 68 + -26. Calculate the highest common factor of k and h.
21
Let x(l) = 8*l**2 - 2*l - 1. Let i be x(-1). Suppose -3*z + 0*z = -y - 6, 0 = y - 4*z + i. What is the greatest common divisor of y and 1?
1
Let o = 16 - 14. Suppose 0 = 2*i + x, x = -2*i - i - o. Let y be (50/(-35))/(i/70). Calculate the greatest common factor of 25 and y.
25
Let z(m) = -m**3. Let s be z(-1). Let f be (13 - s)*((-3)/(-6) + 0). Calculate the highest common divisor of f and 24.
6
Let u be ((-2)/((-7)/(742/4)))/(-1). Let q = u + 64. What is the greatest common divisor of 1 and q?
1
Let d = -13 - -14. Let z(h) be the first derivative of 7*h**3/3 - h**2 + 2*h - 1. Let v be z(d). What is the greatest common divisor of v and 7?
7
Let p = 2 - -7. Suppose -3*s + 17 = 4*h, 2*s - 5*h = 4*s - p. Let x(r) = 34*r**2 + 1. Let v be x(-1). Calculate the highest common factor of v and s.
7
Let u = 26 - 21. Suppose -u*f = -3*w + 168, w + 2*f + 280 = 6*w. Calculate the greatest common divisor of 7 and w.
7
Suppose 47*w - 1577 = 19479. What is the highest common divisor of w and 84?
28
Suppose -3*r = 7*c - 3*c - 2409, 0 = 3*c + 4*r - 1812. What is the highest common factor of 50 and c?
50
Let m(q) = -3*q**3 - 5*q**2 + q + 8. Let d be m(-4). What is the greatest common factor of d and 290?
58
Let j(b) = -b**2 + 12*b - 6. Let l be j(11). Let z(x) = -2 + 2*x**2 + 2*x - l + 5. Let a be z(-2). What is the highest common divisor of 6 and a?
2
Suppose -8 = -2*n + 6*n, -5*u + 100 = 5*n. Suppose -5*q - 2*h = -768, -27 + 32 = -5*h. What is the greatest common divisor of q and u?
22
Suppose 7*m - 2049 = 1101. Suppose 4*a + m = 6*a. What is the highest common divisor of a and 25?
25
Suppose -10 = -2*s, 3*a + 5*s - 555 + 5 = 0. Suppose 4*r + r = z + 121, -3*r + z = -71. Calculate the greatest common factor of r and a.
25
Suppose 0*d - 3*d = 5*r - 2, -r - 3*d - 2 = 0. Let a(w) = w - 2*w - w + 3 + r. Let c be a(-2). Calculate the greatest common factor of c and 24.
8
Let a(j) = 8*j**2 - 10*j - 24. Let p be a(-2). Calculate the highest common factor of p and 7.
7
Let c = -163 + 184. What is the highest common factor of 3 and c?
3
Suppose -166*m + 164*m = -1072. What is the greatest common divisor of m and 16?
8
Let o(q) = 2*q**3 - 3*q**2 - 9*q + 10. Let l be o(4). Let i = -30 + l. Let b = i + -11. What is the highest common divisor of b and 117?
13
Let c(h) = 2*h + 3. Let v be c(6). Suppose -v = -5*x + 15. Let n be x/(5 + -3) + 8. Calculate the highest common factor of 22 and n.
11
Let c = 2452 - 2335. Suppose -3 = -y + 2, z - 4*y = -11. Calculate the greatest common divisor of c and z.
9
Let l be 1/3 - 910/(-6). Suppose n = 2*u - 56 - 2, n = -5*u + l. Let r = u + -19. What is the greatest common factor of 99 and r?
11
Let m = 473 - 440. What is the greatest common divisor of 429 and m?
33
Suppose 0 = -7*g + 7 + 112. Calculate the greatest common factor of 153 and g.
17
Let o(u) = u**2 - 5*u - 4. Let q be o(5). Let b be (-1)/((-4)/q)*31. Let s = 61 + b. Calculate the highest common divisor of 240 and s.
30
Let f(t) = 4*t + 6. Let q = -65 + 65. Let c be f(q). What is the highest common divisor of 78 and c?
6
Let g(o) = o**2 + 6*o + 28. Let h be g(-4). What is the greatest common factor of 205 and h?
5
Suppose 2*y - 3*h = 19, -y + 0*y - 4*h = 7. What is the greatest common factor of 75 and y?
5
Let a(u) = -u**2 - 11*u - 6. Let k be a(-4). Let t(x) = x**2 + 4*x - 10. Suppose -8 = w - 10. Let z be t(w). Calculate the greatest common divisor of z and k.
2
Let j be -7 + 5 + (-4)/(-2). Suppose 4*o + 2*c - 36 - 28 = j, -2*o - 5*c = -40. What is the greatest common divisor of 30 and o?
15
Suppose -3*j - 1 + 0 = 5*c, 0 = j - 4*c - 28. Let s = 53 - -35. What is the highest common factor of j and s?
8
Let v(s) = s**3 + 9*s**2 - 11*s - 4. Let q be v(-10). Suppose -q*u = 8 - 26. Suppose -32 = -5*y + u. Calculate the highest common factor of 7 and y.
7
Let q(z) = -2*z - 10. Let g be q(-4). Let a be (-5)/(10/89)*g. Suppose 0 = -p + 5*i + a, -p = 2*i - 0*i - 54. What is the highest common divisor of p and 8?
8
Suppose 2*y = -y + 24. Suppose -29*u = -30*u - 5*x + 7, 0 = -3*u + 5*x + 1. What is the highest common divisor of y and u?
2
Let o be (9/(-4))/(39/(-52)). Suppose -15 = -3*z - o*w, 0 = -3*z - w + 27 - 6. What is the greatest common divisor of z and 68?
4
Let g = 53 - 50. Let b be ((0 - g) + -1)/(-5 + 4). Suppose 4*t = 133 + 43. Calculate the greatest common divisor of t and b.
4
Let t be ((-286)